520)/(-108). Let q = u + 506. What is the hundreds digit of q?
3
Let c(g) = 232*g + 82. Let i be c(9). Let w = -1154 + i. What is the tens digit of w?
1
What is the units digit of (10233/(-4 - -7))/1?
1
Suppose 9*s = -y + 5*s + 6414, 5*y + 4*s - 32054 = 0. What is the tens digit of y?
1
What is the units digit of 0 - -4*(90442/33)/((-24)/(-9))?
1
Let d(o) = -o**3 - 33*o**2 + 68*o + 75. What is the units digit of d(-35)?
5
Suppose 11*y - 25 = 8. Suppose 3*l - 4*r - 250 = 0, -y*l - 4*r + 0*r = -266. What is the tens digit of l?
8
Let p be 1*479 + (-584)/73. Let k = p - -221. What is the tens digit of k?
9
Let o = -109 + 113. What is the tens digit of (-25 + -8)*(-20 + o)?
2
Let d = 121117 - 63468. What is the hundreds digit of d?
6
Let t = 278 - 259. Suppose 1742 = t*h - 2761. What is the units digit of h?
7
Suppose -360*l + 1472140 + 325001 = 62661. What is the tens digit of l?
1
Suppose -3*m = -3*l - 22377 - 12063, 0 = -5*m - l + 57406. What is the hundreds digit of m?
4
What is the tens digit of 6 + (-764)/6*((-34)/4 - 2)?
4
Suppose -n + 2931 = 4*h - 24931, 0 = -3*n - 3*h + 83514. What is the tens digit of n?
3
Let x(a) be the second derivative of 77*a**4/12 + a**3/6 + 2*a**2 - 5*a - 13. What is the hundreds digit of x(2)?
3
Let c(a) = 1275*a**2 - 315*a + 314. What is the thousands digit of c(1)?
1
Suppose 45 = -2*r - 3*b, -5*r + 4*r - 20 = 4*b. Let k = 54 + r. Suppose k = 5*p - 5*u, -2*p - 3*p + 28 = -3*u. What is the units digit of p?
5
Let h(l) = -105*l - 50. Suppose 66 = -11*z - 0*z. What is the hundreds digit of h(z)?
5
Let m(j) = j**3 + 18*j**2 + 28*j - 20. Let w be m(-15). What is the tens digit of w + (-8 - -9) + -1?
3
Let f(p) = -4*p**2 + 8 + 2*p**2 + 5*p - 2*p. Let u be f(4). What is the units digit of (0 + -15)*(-2)/u*-2?
5
Suppose -7*d + 2 + 12 = 0. Suppose p - d*q + 10 = 0, 3*p = 2*q - 6*q - 30. What is the units digit of p/35 - (-1208)/14?
6
Let o(t) = 544*t**2 - 3*t - 17. What is the tens digit of o(-3)?
8
Suppose -k - 4 + 8 = n, n - k = -4. Let q = 5 + -1. Suppose -q*h + 120 + 0 = n. What is the units digit of h?
0
Let t(n) = 44*n + 413. What is the hundreds digit of t(14)?
0
Suppose 6*b - 2*b - 4 = 0. Let i = -10 + 4. What is the units digit of (b/(-2))/(i/948)?
9
Suppose -2 = 3*u - 4*u, 2*u = -3*j + 1345. Suppose 4*m - a - j = -83, 5*m - 2*a = 458. What is the units digit of m?
0
Let i be 1157/26*-2*(-1 + -1). Let r be (-2)/(-3) - 910/(-3). Let m = r - i. What is the units digit of m?
6
Let r be 2 - -2*(-4)/(-8). Suppose -4*l + 0*b + 793 = -r*b, 2*l - 401 = 3*b. What is the tens digit of l?
9
Let z = -33 - -33. Let s(l) = -l**3 + l**2 - l + 277. What is the tens digit of s(z)?
7
Let t(c) = 157*c - 1534. What is the hundreds digit of t(64)?
5
Let t = 87 + -218. Let z = 328 + t. What is the tens digit of z?
9
Let w(s) = -8*s - 31. Let f be w(-5). What is the units digit of -6 + (-102)/(-18) - (-3576)/f?
7
Suppose -t + 3658 = 2*o, -11*o + 2*t + 7300 = -7*o. Suppose o = 157*u - 148*u. What is the hundreds digit of u?
2
Suppose 0 = -q - 5*k + 4762, 3*k + 6368 = 3*q - 7828. What is the thousands digit of q?
4
Let y(a) = -a**3 - 14*a**2 + 18*a - 15. Let l(h) = 13*h - 94. Let j be l(6). What is the hundreds digit of y(j)?
2
Suppose -3*a = -v + 189, 17*v - 2*a - 390 = 15*v. Let d = 2016 - v. What is the hundreds digit of d?
8
What is the ten thousands digit of (((-234208)/182)/(-4))/(2/119)?
1
Suppose -4*t + 5*c = -37, -4 = -3*t - 5*c + 4*c. Suppose -5*y - 1220 = -5*l, -t = -5*y + 7. What is the units digit of l?
6
Let c be (-1)/6 - 131/6. What is the tens digit of (c/(-4))/((88/784)/11)?
3
Suppose -2*q - 107 = -3*r - 614, 3*r = 4*q - 1017. Let t = q - 191. What is the units digit of t?
4
Suppose -6*q + 5*q - 57 = 0. Let z = -51 - q. What is the hundreds digit of (0 + z/(-15))/(3/(-1215))?
1
Let x(j) = -6*j - 115. Let a be x(-22). Suppose -u + 684 = a*u. What is the units digit of u?
8
Let k be 16/(-216) + (-4)/(-54). Suppose 5*m = f + 6554, k = -m - f + 652 + 654. What is the thousands digit of m?
1
Let y(f) = -54 - 6 - 91 - 170*f. What is the units digit of y(-5)?
9
Let k(f) = 11697*f**2 - 686*f + 1365. What is the ten thousands digit of k(2)?
4
Let h = -72047 + 140219. What is the tens digit of h?
7
Let o = 14047 - 14228. Suppose -656 = -2*l - 2*p, 0 = -2*l + 7*l - 2*p - 1668. Let j = o + l. What is the units digit of j?
1
Suppose 4*h = -0*h - 3*x + 3010, -4*h = 5*x - 3014. Suppose 0 = -3*y - 211 + h. What is the hundreds digit of y?
1
Suppose 4*s = -f - 2*f + 15, -39 = -4*s + 5*f. Suppose -z - s = 17. Let p = z + 50. What is the tens digit of p?
2
Let n(w) = -w**3 + 14*w**2 + 32*w + 6. Let x be n(16). What is the tens digit of x/(-21) + (-835)/(-7)?
1
Let z = -3 - 4. Let j(c) = -c**3 - 7*c**2 + 4*c - 2. Let f be j(z). Let y = f - -68. What is the tens digit of y?
3
Let j = 97 + -57. Let g = -1567 + 1642. Let h = g + j. What is the hundreds digit of h?
1
Let c(u) = -812*u + 3903. What is the tens digit of c(-27)?
2
Suppose 5*m - 2*s - 11 = 0, -2*m + 4*m = -3*s - 7. Let o be 2 + -3 + -29*(-3 + m). Let v = o + -51. What is the units digit of v?
6
Suppose -f - 3 = 0, 5*u + 2*f - 30 = 4. Let w(a) = 2*a**2 + a - 74. What is the tens digit of w(u)?
6
Let r = 4845 + -6904. Let y = r + 3569. What is the thousands digit of y?
1
Suppose w = -4*c - c + 441, 0 = -2*w + c + 893. Let d = 839 - w. What is the hundreds digit of d?
3
Let c(t) be the third derivative of -25*t**4/12 - 21*t**3 + 29*t**2. What is the thousands digit of c(-31)?
1
Suppose -54*a + 93132 = -15*a. What is the units digit of a?
8
Let j = 3261 + -1622. Suppose 4*w - 3*q - j = 0, 0 = -3*w + 4*q - q + 1230. What is the tens digit of w?
0
What is the thousands digit of (-118430)/(-14) + (-368)/460 + 36/70?
8
What is the units digit of 24/(-360) - (-90844)/60?
4
Let k(j) = j**3 + 15*j**2 - 15*j + 19. Let b = 28 + -44. Let n be k(b). What is the units digit of (-714)/(-15) + (-6)/(-45)*n?
8
Let v(p) = 102*p**2 - 112*p - 533. What is the thousands digit of v(-5)?
2
Suppose 3*x + 155 = -m - m, -3*x = 3*m + 159. Let h = x + 51. What is the units digit of (-1 + h)*108/1?
8
Let z be (-1)/2*(-4)/1. Suppose 4*d = z*d + 580. What is the units digit of d?
0
Let f = 29325 + -4690. What is the hundreds digit of f?
6
Let n(t) = -47*t + 4387 + 0*t**2 + t**3 - 4411 + 18*t**2. What is the hundreds digit of n(-20)?
1
Let u(j) = 6*j**2 + 61 + 46 - 3*j - 101. What is the tens digit of u(10)?
7
Let a(v) = 277*v**2 + 4*v + 4. Let h(j) = 829*j**2 + 11*j + 10. Let b(n) = -8*a(n) + 3*h(n). What is the tens digit of b(-2)?
8
Suppose -2*y + 4360 = -12677 + 3637. What is the tens digit of y?
0
Let h = 20536 - -25367. What is the thousands digit of h?
5
Suppose 3*n + 37325 = 2*h, 48*h - 4*n = 44*h + 74644. What is the thousands digit of h?
8
Suppose -11*q + 29873 = -751. What is the thousands digit of q?
2
Suppose -17*g + 21*g + 30*g - 828308 = 0. What is the tens digit of g?
6
Let j be (1785/(-20) + -8)*-1*4. What is the tens digit of 4/(-16) + j/4 + -1?
9
Let c be (6 + (2 - 3))*-1. What is the units digit of c + 3 + -6 + 85?
7
Let o(l) be the third derivative of 3*l**5/20 + l**4/6 - 2*l**3/3 - 6*l**2. Let b(v) be the first derivative of o(v). What is the tens digit of b(4)?
7
Suppose 9*l - 10*l + o = -4988, 0 = -4*l - 3*o + 19910. What is the hundreds digit of l?
9
Let s(h) = 6267*h + 248. What is the units digit of s(2)?
2
Let b(d) = -142*d**3 + 3*d**2 - 7*d + 8. Let o be b(2). Let u = -741 - o. What is the hundreds digit of u?
3
Suppose -142*o - 216656 = -145*o - 2*n, 2*o = 2*n + 144454. What is the hundreds digit of o?
2
Suppose -4*o - 43 = 53. Let g be (-22 - o) + (-1 - 0 - -82). Suppose 0 = 4*l + 4*k - g - 349, -4*l = -4*k - 432. What is the hundreds digit of l?
1
Let b(r) = -2*r**2 + 42*r - 12. Let i be b(17). Let u = 34 - i. Let h = -39 - u. What is the units digit of h?
1
Suppose 2*l - d - 1 = 0, -5*d + 28 = 5*l - 4*l. Suppose -w = 1, -w - 3*w + 17 = -l*f. What is the units digit of (6 + 28/f)*(-75)/(-2)?
5
Let k(o) = 9*o**3 + 5*o**2 + 3*o - 8. Let v be k(4). Suppose f = 6*f - v. What is the hundreds digit of f?
1
Suppose -313*q = -312*q. Suppose 34*g - 10*g - 23448 = q. What is the units digit of g?
7
Let d(r) = r**2 - r - 591. Let u be d(0). Let w = u + 849. What is the tens digit of w?
5
